3/6 + 2*k**2 + 1023*k - 2. Determine z(6).
82
Let b(f) = 3*f - 59. Suppose 32*k - 29*k = u - 11, 3*u - 3*k = 45. What is b(u)?
-8
Let c(w) = -16*w - w + 10*w + 10 + 13*w + w**3 - 9*w**2. Calculate c(8).
-6
Suppose 2*x = 4*p - 52, 5*p - x + 2*x = 79. Let k = 10 - p. Let j(f) = 11*f**2 + 6*f - 13. Let s(o) = 3*o**2 + o - 4. Let u(l) = 2*j(l) - 7*s(l). Give u(k).
2
Suppose 6 = g + 2*g. Let j(b) = -24*b - 10. Let q be j(-1). Let f(k) = 17*k**g + k**3 - 3 + q*k**2 - 2*k - 36*k**2. Determine f(5).
-13
Let p(x) be the third derivative of x**6/120 - x**5/15 - x**4/12 + x**3 + 16*x**2. What is p(5)?
21
Suppose -5*z - 2*o = 2*o - 20, 2*z - o = -5. Let h(a) = -a**2 + a - 50. Give h(z).
-50
Let r(q) = -2*q + 2. Let w be r(5). Let o(x) = x**2 + 6*x - 16. Let j be o(w). Let c(k) = -32*k**3 - 22*k**3 + 6 + 7*k**2 + 55*k**3 + 8*k + j. Determine c(-6).
-6
Suppose 2009 = -14*d - 2611. Let u = d - -327. Let b(n) = -5*n - 3. Let a(v) = -29*v - 17. Let z(h) = -6*a(h) + 34*b(h). Give z(u).
-12
Let n(l) = -l**2 + 2*l + 2. Suppose -18*b + 2166 + 9678 = 0. Let i = b - 660. Determine n(i).
-6
Let u(n) = 6*n**3 + 122*n**2 - n + 5. Let d(w) = -9*w**3 - 195*w**2 + 2*w - 8. Let b(k) = 5*d(k) + 8*u(k). Suppose 3 = 3*c + 6. Calculate b(c).
-4
Let j(c) = -19*c - 8 - 2*c**2 - 13 + c**2 + 18 - 65. Calculate j(-14).
2
Let k(j) = -6*j**2 - 15*j - 5. Suppose 5*r - 12*r = 44*r + 204. Give k(r).
-41
Let g(h) = h**2 + 12*h + 14. Let j(k) = -5*k + 15. Let w be j(2). Suppose -10*y = w + 95. Calculate g(y).
-6
Let a(b) be the second derivative of 5*b**4/12 + 5*b**2 + 1875*b. Calculate a(4).
90
Let z(j) = 54*j + 371. Let h(w) = -25*w - 186. Let t(c) = 5*h(c) + 2*z(c). What is t(-11)?
-1
Let r(s) = 2*s + 32. Let n(g) = 2*g**2 + 67*g - 19. Let y be n(0). Calculate r(y).
-6
Let p be ((-28)/(-12))/((-20)/(-15) + 1/(-1)). Let y(c) = -10*c**2 - 6*c + 4*c**2 + 5 - 3 + 5 + c**3. What is y(p)?
14
Suppose 0 = 7*n + 49 - 0. Let t(f) be the third derivative of f**5/60 + f**4/8 - f**3/2 - 188*f**2. What is t(n)?
25
Let r(d) = 4820*d**3 + 14*d**2 + 24 + 16*d + 4825*d**3 - 9644*d**3. Determine r(-13).
-15
Let k(p) be the second derivative of p**5/20 - p**4/12 - p**3/2 - 2*p**2 - 2171*p. Suppose n = -8 + 2. Let f be 6/(-2 - (n + 2)). Give k(f).
5
Suppose -o - 3 = -5. Suppose -2*x = 3*r - 8, -6*x + x + o = 3*r. Let h(p) = -p**3 - p**2 - 2*p - 2. Determine h(x).
6
Let f be -1 + 1 + (2 - 5). Let h = -909 - -908. Let p be f/9 - (-1)/(-3)*h. Let u(g) = g**2 - 10. Give u(p).
-10
Let c(z) = z**2 + 15*z - 21. Let r(t) = -2*t**2 - 32*t + 45. Let o(f) = 13*c(f) + 6*r(f). What is o(-7)?
25
Let d(r) = -16*r - 5. Let g(a) = 14*a + 4. Let l(v) = -5*d(v) - 6*g(v). Let i = -53 + 29. Let t = 28 + i. Determine l(t).
-15
Let x(r) = r + 7. Let z(c) = c + 14. Let l(q) = -2*x(q) + z(q). Give l(-13).
13
Suppose 0 = n + 4*d - 8, d + 9 - 60 = -2*n. Let z(s) = -14*s - 8*s**2 - 33 - 4*s**2 + n + s**3 + 24. Suppose 0*r + 52 = 4*r. What is z(r)?
6
Let w(b) = b**2 + 12*b - 7. Let v = -734 - -790. Suppose -v = 16*r - 12*r. Determine w(r).
21
Let f(u) = u - 12. Let h be f(7). Let v be 60/45 + 4/6. Let o(c) = -89*c - 5*c**3 + 1 + 5*c**v + 90*c + c**3 + 5*c**3. What is o(h)?
-4
Suppose -a = -3*z - 3, 2*z - 1 = a + 3*z. Suppose -5 = -a*f + f. Let u(w) = -w**3 - 5*w**2 - 2*w + 5. Give u(f).
15
Let d(q) = -6*q**3 + q**2 + q - 176. Let z(b) = 17*b**3 - 4*b**2 - 2*b + 493. Let i(s) = -14*d(s) - 5*z(s). Suppose -6 = -2*j + 4. What is i(j)?
4
Suppose 22 = -4*z + 3*x + 20, 0 = 2*x - 12. Let p(n) = n**3 + n**2 - 8*n + 13. Determine p(z).
61
Suppose 2*i = -a, a + 3*i - 6*i = 10. Let b(c) = 1 + 0 + a - 1 + 2*c. Let v be (-3)/7 + (-1444)/(-266). Give b(v).
14
Let u(a) = -a**2 - 2*a - 4. Let p = -20 + 20. Let j(v) = -v - 28. Let z be j(p). Let b = z + 25. Determine u(b).
-7
Suppose l + 5 = 5*p - 20, -p + 5 = 0. Let n(x) be the first derivative of -x**3/3 - x**2/2 - 13*x + 2. What is n(l)?
-13
Suppose -26*r + 615 = 98*r + 119. Let p(l) be the third derivative of -l**6/120 + l**5/12 - 5*l**4/24 + l**3 - 2*l**2. Determine p(r).
2
Let q(z) = -28*z + 67. Let j(t) = -24*t + 67. Let u(k) = 6*j(k) - 5*q(k). Give u(16).
3
Suppose 3*l = 4*l - 3. Let v(m) be the third derivative of 36*m**2 + 5/24*m**4 + 1/60*m**5 - 1/120*m**6 - 1/3*m**3 + 3 + 0*m. Determine v(l).
-5
Let r(f) be the first derivative of 3/2*f**2 + 70 + 3*f - 1/3*f**3 - 1/4*f**4. What is r(-3)?
12
Let o be 2/(-4) + 324/(-24). Let h(k) be the first derivative of k**4/4 + 13*k**3/3 - 13*k**2/2 + 8*k + 247. Calculate h(o).
-6
Let w(h) be the third derivative of -2*h - 1/8*h**4 + 1/3*h**3 - 13*h**2 + 0. Calculate w(-2).
8
Let u(t) be the third derivative of -t**5/60 - t**4/8 - 11*t**3/3 - t**2 - 56. Determine u(-12).
-130
Let c(i) = 14*i + 5. Let u(f) = 295 - 307 - 31*f + 4*f. Let r(p) = 5*c(p) + 2*u(p). What is r(1)?
17
Let h(g) = 37*g**2 - 75*g + 127. Let l(p) = 13*p**2 - 26*p + 45. Let o(t) = 6*h(t) - 17*l(t). What is o(6)?
-15
Let s be -3*-2*35/15. Let w(t) = 512 - 1029 + 515 - s*t. Calculate w(-3).
40
Let j = 446 - 436. Let t be -3 - (-2 + 1 - 11). Let m(q) = -2*q - t + 2*q + q. What is m(j)?
1
Let n be 2/2 + -9 + -5. Let c = n + 18. Suppose 13 = -c*i + 23. Let w(u) = u**3 - 2*u**2 - 4*u + 3. Give w(i).
-5
Let m(j) = j**3 + 3*j**2. Let r be m(0). Let i(v) = v**2 + v + 77. Let k be i(r). Let a = 80 - k. Let q(p) = -p**3 + 3*p**2 - 2*p - 2. Determine q(a).
-8
Let f(a) = a**3 + a**2 - 9*a + 17. Let l(x) = x**3 + x**2 - 6*x + 19. Let k(r) = 2*f(r) - 3*l(r). Suppose 6*u = q + 2*u, 5*u = 5*q. Determine k(q).
-23
Suppose -4*t + 3*y - 15 = -2*t, 0 = -5*t - 3*y - 6. Let z be -4*6/(-24)*t. Let j(x) = -4*x**2 - 3*x - 3. Determine j(z).
-30
Let k(t) be the first derivative of -17*t**2/2 - 44*t - 493. What is k(-3)?
7
Suppose -2*c = -6*c - 16. Let g(b) be the second derivative of -b**4/12 - 5*b**3/6 - 3*b**2 + 1684*b. Determine g(c).
-2
Let o(j) = -j**2 - 5*j + 25. Suppose 0 = 61*n + 11 + 599. What is o(n)?
-25
Let h(a) = 2*a**3 - 106*a**2 - 5*a + 264. Let u be h(53). Let g(r) = 7*r. Let v be g(1). Let n(j) = -3*j - j**2 - 3*j - 9*j**3 + 1 + v*j. Determine n(u).
8
Let b = 33 - 54. Let a = b - -23. Let t be (9 - a)*(3 + 0 - 2). Let j(q) = -q**2 + 8*q - 3. Determine j(t).
4
Let f(p) = 8*p**3 + 4*p**2 + 4*p - 1. Let w(y) = -9*y**3 - 4*y**2 - 5*y + 1. Let v(n) = 3*f(n) + 2*w(n). Suppose 14 = -2*m - 5*s + 7*s, 20 = 4*s. Give v(m).
-37
Let r(t) = 41*t - t**2 + 0*t**2 - 359 + 224 + 213. Calculate r(43).
-8
Let o(q) = 2*q**2 - 10*q + 5. Let t be (-16)/2 + 4 + 2. Let u(d) = 9*d - 1 + 3*d**2 - 4 - 4*d**2. Let z(m) = t*o(m) - 3*u(m). What is z(-7)?
5
Let q(b) = -2*b - 14 - 13 + 47 - 16 - 7 - 27*b**2. Give q(-1).
-28
Let z(f) = f - 13. Suppose -33*r - 48 = -39*r. Let p be z(r). Let i be (-3 - p)/((-6)/15). Let q(k) = k**3 + 5*k**2 + 7*k + 3. Determine q(i).
-32
Let a be (0/(-42))/(-1 - 0). Let n(c) be the second derivative of 1/12*c**4 + a - 3/2*c**3 + 27*c + 2*c**2. Determine n(9).
4
Let i(a) = -4*a**2 - 96*a - 90. Let r be i(-23). Let o(y) = 2*y**2 - 7*y + 7. What is o(r)?
1
Let x(g) = g**3 - 12*g**2 - 12*g - 26. Let p be (-12)/(-3) + 0 - (-35 + 26). What is x(p)?
-13
Let d(g) = g + 13. Let y = 35 + -35. Suppose -2*r + 3*i + 21 = y, 32 = 3*r - 0*i - 4*i. Suppose 14 = -14*u + r*u. Calculate d(u).
6
Let d = 12996 - 13004. Let w(l) = l**2 - 40*l - 380. Calculate w(d).
4
Let a(z) be the second derivative of -z**4/12 - 3*z**3/2 + 13*z**2/2 + 10*z - 16. What is a(-8)?
21
Let i(k) be the third derivative of -k**6/120 - k**5/10 - k**4/4 + 5*k**3/6 - 3615*k**2. Give i(-5).
10
Let k(h) = 2*h**3 - h + 1. Let l = -118 + 119. Let t(p) = -3*p**3 - 7*p**2 + 8*p - 3. Let v(r) = l*t(r) + 2*k(r). Determine v(6).
-1
Let k(y) = 70*y**3 + 20*y**2 - 13*y + 5. Let c(m) = 209*m**3 + 57*m**2 - 37*m + 14. Let w(p) = 6*c(p) - 17*k(p). Give w(1).
64
Let y(f) = -15*f**2 - 100*f**3 - 9 + f + 2*f + 71*f**3 + 30*f**3 - 2*f. What is y(15)?
6
Let h(s) = 7*s + 2. Let w(d) be the first derivative of -10*d**2 - 6*d - 18. Let f(u) = 17*h(u) + 6*w(u). Determine f(-6).
4
Let a(v) = -v**2 + 23*v - 63. Let i(d) = d**3 - 24*d**2 - 51*d - 7. Let z be i(26). Give a(z).
13
Suppose -2*a = -q - 2*q - 9, 5*q = -5*a - 40. Let w(n) be the second derivative of 2*n**3/3 + 3*n**2 + 4392*n. What is w(q)?
-14
Let l(k) = k - 2*k - 7*k + 7*k - 14. Let h be l(-14). Let o